*f**3 - 2*f**2 + 2*f - 1. Calculate the remainder when 3 + 0 + 2 + 4 is divided by v(h).
4
Suppose -5*i - 3*m + 38 = -2*m, 32 = 3*i - 4*m. Let v = i + 8. Calculate the remainder when 46 is divided by v.
14
Let y be -1 + (-1)/(3 - 4). Suppose y = -5*x + 2*z - 3, 4*z - 21 = 2*x - 7. What is the remainder when x is divided by 1?
0
Let v be (0 - 3)*-1 + -10. Calculate the remainder when v/(-3 - (-20)/7) is divided by 25.
24
Let t(w) = -3*w - 1. Let v be t(-2). Suppose v*h - 2*h - 15 = 0. Calculate the remainder when 7 is divided by h.
2
Let s(t) = -9 - 3*t**3 + 5*t**3 - 3*t**3 - 8*t**2 - 9*t. Suppose -24 = -5*b + 46. Calculate the remainder when b is divided by s(-7).
4
Let t be 98/6 + 4/6. Suppose -6*y + t = -5*y. What is the remainder when y is divided by 10?
7
Let u = 6 - -10. Suppose -56*q - 90 = -66*q. What is the remainder when u is divided by q?
7
Calculate the remainder when 136 is divided by 15 - (1 + -3 - -3).
10
Suppose 5*s - 270 = -0*s. Let a = 17 - 5. Calculate the remainder when s is divided by 14 - 0*(-4)/a.
12
Suppose 4*t + 3 + 17 = 0, 4*l + t - 27 = 0. Suppose -4 = f, -2*f + 0 = 2*n + l. Calculate the remainder when n + 1 + (5 - 2) is divided by 3.
1
Let n = 5 + -9. Let g be ((-22)/(-1))/(n/(-16)). Let y = g + -63. Calculate the remainder when y is divided by 13.
12
Let v be (1 - 0) + -2 - -29. Let r be 8/12 - (-92)/6. Let x = v - r. Calculate the remainder when 35 is divided by x.
11
Suppose 0 = -3*g - 36 + 39. What is the remainder when 1 is divided by g?
0
Let l be (-138)/(-18) + (-1)/(-3). Suppose 22 = 2*n + l. Let f = -4 + n. Calculate the remainder when f is divided by 2.
1
Let z(b) = -2*b**2 - 2 + 1 + b**2 - 16*b. Calculate the remainder when z(-9) is divided by 21.
20
Calculate the remainder when 2/(-3) + (-3768)/(-36) is divided by 27.
23
Suppose 2 - 6 = 4*b. Let g be (-11)/(-3)*(b + -2). Let o(u) = -u**3 - 10*u**2 + 10*u - 1. What is the remainder when 19 is divided by o(g)?
9
Let o(d) = -8*d - 3. Let t be o(-4). Let m = 14 + t. Let r = m - 24. What is the remainder when 55 is divided by r?
17
Suppose 0 = 2*m + 2*m - 4*d - 24, -4*m + 14 = d. Suppose -2*b + 20 = 3*b. Calculate the remainder when (m + -2 + -3)*-11 is divided by b.
3
Suppose -54 = -3*p - 4*v, -105 = -5*p - 5*v - 10. Suppose -5*z = 3*g - 16, 5*g - 4*g = -5*z + p. What is the remainder when 9 is divided by z?
4
What is the remainder when 79 is divided by 306/12*(-4)/(-6)?
11
Calculate the remainder when (9/(-18))/((-1)/50) is divided by 9.
7
Let a(i) be the third derivative of i**5/60 - i**4/6 - i**3 - 3*i**2. Calculate the remainder when a(-4) is divided by 9.
8
Let c(q) = 2*q**2 - 2*q. Let i be c(2). Let w be -2*-2*2/i. Suppose -2*z - w*z + 64 = 0. Calculate the remainder when z is divided by 9.
7
Let h be ((-168)/49)/((-1)/14). Let f = 7 + h. What is the remainder when f is divided by 14?
13
What is the remainder when 76 is divided by 351/6*8/12?
37
What is the remainder when 28 is divided by 22/(-121) - 112/(-11)?
8
Let d(k) = -k**3 + 8*k**2 - 8*k + 9. Suppose 5*h - 5*r = 30, -3*h = 2*h + 2*r - 44. Calculate the remainder when h is divided by d(7).
0
Suppose -27*k = -26*k - 9. What is the remainder when 16 is divided by k?
7
Let p(u) be the second derivative of -u**5/20 - u**4/3 - 5*u**3/6 - 2*u**2 + 3*u. What is the remainder when (4/5)/(3/15) is divided by p(-3)?
0
Suppose 4*k - 33 = 7. Let p be (k/6)/((-1)/18). Let z = 42 + p. What is the remainder when 23 is divided by z?
11
Let b(x) = 3*x**2 - 10*x. Let n(a) = 7*a**2 - 21*a - 1. Let k(i) = 9*b(i) - 4*n(i). Calculate the remainder when 26 is divided by k(-5).
8
Suppose 4 = f + 2*u, -3*u + 6 = -4*f + 22. Suppose j + f*j = 60. Calculate the remainder when 23 is divided by j.
11
Suppose -573 - 208 = -11*a. Calculate the remainder when a is divided by 19 - (-1)/(1*-1).
17
Suppose -11 + 3 = -4*m, -m = -x + 2. Suppose 0 = 2*o + k + 11, -o + 5 = x*k + 28. Calculate the remainder when 6/9 - 28/o is divided by 6.
4
Suppose -2*a - 63 = -5*a. What is the remainder when a is divided by 8?
5
Let x(o) = -o**3 - 2*o**2 + o + 11. Let u = 8 - 5. Calculate the remainder when x(0) is divided by u.
2
Let q = 24 + -11. What is the remainder when 23 is divided by q?
10
Let s(f) = f**3 + 5*f**2 + 3*f + 9. Let y = -56 + 92. What is the remainder when y is divided by s(-4)?
10
Let x(p) = -p**3 + 5*p**2 + 8*p - 4. Calculate the remainder when 14 is divided by x(6).
6
Let g(w) = w**3 - 9*w**2 - 13*w + 10. Let m be g(10). Let c = -17 - m. Calculate the remainder when 7 is divided by c.
1
Suppose 5*l + 171 = 2*c, -l = 2*c - 3*l - 168. What is the remainder when c is divided by 22?
17
Suppose 2*u - 12 = 5*a + 8, 3*u - 17 = a. Suppose u*p - 25 = k, -2 - 1 = -3*p + 3*k. Calculate the remainder when 11 is divided by p.
5
Let s(z) = 3*z - 6. Let c(r) = -3*r**3 - 3*r**2 + 5*r + 7. What is the remainder when c(-3) is divided by s(6)?
10
Suppose -r - 106 = 2*r - 2*q, 5*r + 178 = 4*q. What is the remainder when 1*r*(-3)/6 is divided by 5?
2
Let a be (-1 + 4)*(5 - 0). Let v = -18 - -32. What is the remainder when 16/(-1 - (-21)/a) is divided by v?
12
Suppose -t + 2 = -1. Suppose 0*w - 4*w + 120 = -r, 0 = -t*w - 4*r + 109. Suppose 0 = -3*x + 33 - 0. Calculate the remainder when w is divided by x.
9
Suppose -3*z + 22 = 7. Suppose 2*p + 3*r + 5 = 23, z*p = 2*r + 7. Calculate the remainder when 14 is divided by p.
2
Let s = -105 + 148. Suppose -2*a - 5 = -17. Calculate the remainder when s is divided by -2*a/(-4)*5.
13
Let k(l) = l**3 - 4*l**2 + 4*l - 4. What is the remainder when 21 is divided by k(4)?
9
Let a = -8 - -121. What is the remainder when a is divided by 23?
21
Suppose d = -4*d + 25. Suppose 3*m - d*m + 4 = 0. Calculate the remainder when 4*(m - (0 - 11)) is divided by 18.
16
Let f = 42 + -20. Calculate the remainder when (-6)/2*f/(-6) is divided by 7.
4
What is the remainder when -2 + 0 + 0 + 15 is divided by 6 + -9 - (1 + -12)?
5
Suppose -2*f = 4*c - 0*f - 190, -3*c + 140 = -f. Suppose 35 = 2*t - c. Calculate the remainder when t is divided by 14.
13
Let k be (5 - (1 - -2)) + -2. Suppose k = -2*s - 3*s + 160. Suppose -4*m - s = -8*m. What is the remainder when 23 is divided by m?
7
Let u(s) = -s**2 - 10*s - 7. Let f be u(-9). Suppose -4*d + f*m = -30, -m + 1 = d - 14. Suppose 4*n = 3*n + d. Calculate the remainder when 18 is divided by n.
8
Suppose -1 = -2*l + 3*i, -3*l = l - 5*i - 7. Suppose -x + 4*b = 14, 2*b - 29 + 1 = -3*x. Let o = -3 + x. Calculate the remainder when l is divided by o.
2
Suppose -2*m = -8*g + 3*g - 75, -m = 4*g - 57. What is the remainder when 155/9 + (-10)/m is divided by 10?
7
Let a(l) = l**2 - 2*l - 8. Suppose 3*v - 4*v + 4 = 0. Suppose -5*k - 48 = 4*s, -12 = v*s - 5*k + k. Calculate the remainder when a(s) is divided by 19.
17
Let y = -8 - -41. Calculate the remainder when y is divided by 7.
5
Suppose -2*m = -0*m + 4*h - 6, 2*m - 31 = h. Let n = 32 - -32. Calculate the remainder when n is divided by m.
12
Suppose -4*t - 3*r = -56, 2*r + 42 = 3*t + 3*r. What is the remainder when ((-36)/10)/(5/(-75)) is divided by t?
12
Suppose 3*d + 2*h + 2*h = 792, 5*d - 3*h - 1291 = 0. Suppose 6*f = f + d. What is the remainder when f is divided by 18?
16
Suppose 5*w + 5*n + 12 = 47, 5*n + 61 = 3*w. Suppose 0 + 7 = v. What is the remainder when w is divided by v?
5
What is the remainder when ((-876)/36)/((-1)/3) is divided by 37?
36
Let w(v) = -v**3 - 4*v**2 + 5*v + 7. Suppose m - 9 = 2. Suppose 4 = -3*g - m. Calculate the remainder when 19 is divided by w(g).
5
Let c(d) = -d - 8. Let i be c(-11). Suppose 3*n = -18 - i. What is the remainder when 14 is divided by (-2 + n + 1)*-1?
6
Suppose 4*m - 58 + 6 = 0. Let y(l) be the first derivative of 7*l**3/3 - l**2 + l - 6. Calculate the remainder when y(2) is divided by m.
12
Let b(c) = -c**3 + 6*c**2 + 12*c - 20. Calculate the remainder when 42 is divided by b(7).
12
Let s(y) = y + 1. Suppose 67 + 26 = -3*a. Let t = a + 51. Calculate the remainder when t is divided by s(6).
6
Suppose -2*c - 3 = z - 0*z, -9 = z + 4*c. Suppose z*u - 5*u = -20. What is the remainder when 29 is divided by u?
9
Suppose w = -4*n - n + 193, -4*n = 4*w - 708. What is the remainder when w is divided by 35?
33
Let m(w) = 6*w**2 + w + 3. Let o be m(-3). Suppose 18 = -4*a + o. Suppose 0 = -3*q + 9